{"id":515,"date":"2024-07-14T20:46:03","date_gmt":"2024-07-14T18:46:03","guid":{"rendered":"https:\/\/redml.de\/wordpress\/?page_id=515"},"modified":"2025-04-17T13:11:53","modified_gmt":"2025-04-17T11:11:53","slug":"politik","status":"publish","type":"page","link":"https:\/\/redml.de\/","title":{"rendered":"Demokratie statt Oligarchie"},"content":{"rendered":"\n<p>Die gr\u00f6\u00dfte Gefahr f\u00fcr Deutschland, f\u00fcr Europa und f\u00fcr die ganze Welt geht von Milliard\u00e4ren aus, die mit dieser Welt machen, was sie wollen.<\/p>\n\n\n\n<p>Das Problem ist nicht der Reichtum an sich. Aber Reichtum ist gleich Macht. Und durch zu starke Machtkonzentration verwandeln sich Demokratien schleichend in Oligarchien.<\/p>\n\n\n\n<p>Hier ein paar Ideen, wie wir unsere Demokratie gegen eine schleichende Oligarchisierung verteidigen k\u00f6nnen:<\/p>\n\n\n\n<ul class=\"wp-block-list\">\n<li>Finanzkriminalit\u00e4t bek\u00e4mpfen: <a href=\"https:\/\/www.finanzwende.de\/\">https:\/\/www.finanzwende.de\/<\/a><\/li>\n\n\n\n<li>Einfach w\u00e4hlen gehen: <a href=\"https:\/\/machdeinkreuz.de\/plakate\">https:\/\/machdeinkreuz.de\/plakate<\/a><\/li>\n\n\n\n<li>Die Zukunft erfinden: <a href=\"https:\/\/www.zukunfterfinder.de\">https:\/\/www.zukunfterfinder.de<\/a><\/li>\n\n\n\n<li><a href=\"https:\/\/www.spd-mitglied-0815.de\">https:\/\/www.spd-mitglied-0815.de<\/a><\/li>\n<\/ul>\n\n\n\n<figure class=\"wp-block-image size-large\"><a href=\"http:\/\/machdeinkreuz.de\/plakate\"><img loading=\"lazy\" decoding=\"async\" width=\"723\" height=\"1024\" src=\"https:\/\/redml.de\/wordpress\/wp-content\/uploads\/2024\/07\/2024-a1-plakat-machdeinkreuz_ina_weise-723x1024.webp\" alt=\"\" class=\"wp-image-552\" srcset=\"https:\/\/redml.de\/wp-content\/uploads\/2024\/07\/2024-a1-plakat-machdeinkreuz_ina_weise-723x1024.webp 723w, https:\/\/redml.de\/wp-content\/uploads\/2024\/07\/2024-a1-plakat-machdeinkreuz_ina_weise-212x300.webp 212w, https:\/\/redml.de\/wp-content\/uploads\/2024\/07\/2024-a1-plakat-machdeinkreuz_ina_weise-768x1087.webp 768w, https:\/\/redml.de\/wp-content\/uploads\/2024\/07\/2024-a1-plakat-machdeinkreuz_ina_weise-1085x1536.webp 1085w, https:\/\/redml.de\/wp-content\/uploads\/2024\/07\/2024-a1-plakat-machdeinkreuz_ina_weise-1447x2048.webp 1447w, https:\/\/redml.de\/wp-content\/uploads\/2024\/07\/2024-a1-plakat-machdeinkreuz_ina_weise-1600x2265.webp 1600w, https:\/\/redml.de\/wp-content\/uploads\/2024\/07\/2024-a1-plakat-machdeinkreuz_ina_weise.webp 1684w\" sizes=\"auto, (max-width: 723px) 100vw, 723px\" \/><\/a><\/figure>\n","protected":false},"excerpt":{"rendered":"<p>Die gr\u00f6\u00dfte Gefahr f\u00fcr Deutschland, f\u00fcr Europa und f\u00fcr die ganze Welt geht von Milliard\u00e4ren aus, die mit dieser Welt&hellip;<\/p>\n","protected":false},"author":1,"featured_media":0,"parent":0,"menu_order":0,"comment_status":"closed","ping_status":"closed","template":"","meta":{"footnotes":""},"class_list":["post-515","page","type-page","status-publish","hentry"],"_links":{"self":[{"href":"https:\/\/redml.de\/index.php\/wp-json\/wp\/v2\/pages\/515","targetHints":{"allow":["GET"]}}],"collection":[{"href":"https:\/\/redml.de\/index.php\/wp-json\/wp\/v2\/pages"}],"about":[{"href":"https:\/\/redml.de\/index.php\/wp-json\/wp\/v2\/types\/page"}],"author":[{"embeddable":true,"href":"https:\/\/redml.de\/index.php\/wp-json\/wp\/v2\/users\/1"}],"replies":[{"embeddable":true,"href":"https:\/\/redml.de\/index.php\/wp-json\/wp\/v2\/comments?post=515"}],"version-history":[{"count":8,"href":"https:\/\/redml.de\/index.php\/wp-json\/wp\/v2\/pages\/515\/revisions"}],"predecessor-version":[{"id":560,"href":"https:\/\/redml.de\/index.php\/wp-json\/wp\/v2\/pages\/515\/revisions\/560"}],"wp:attachment":[{"href":"https:\/\/redml.de\/index.php\/wp-json\/wp\/v2\/media?parent=515"}],"curies":[{"name":"wp","href":"https:\/\/api.w.org\/{rel}","templated":true}]}}