{"id":236,"date":"2019-10-08T09:47:13","date_gmt":"2019-10-08T07:47:13","guid":{"rendered":"https:\/\/redml.de\/wordpress\/?page_id=236"},"modified":"2020-04-24T15:45:00","modified_gmt":"2020-04-24T13:45:00","slug":"multimedia","status":"publish","type":"page","link":"https:\/\/redml.de\/index.php\/multimedia\/","title":{"rendered":"Multimedia"},"content":{"rendered":"\n<p>Mit TechSmith <strong>Camtasia <\/strong>und Adobe <strong>Captivate <\/strong>realisiere ich <strong>Filme <\/strong>und <strong>E\u2011Learning<\/strong>-Anwendungen. <\/p>\n\n\n\n<h2 class=\"wp-block-heading\">So ein Mist aber auch!<\/h2>\n\n\n\n<figure class=\"wp-block-image size-large is-resized\"><a href=\"https:\/\/redml.de\/camtasia\/SoEinMistAberAuch\/SoEinMistAberAuch.html\"><img loading=\"lazy\" decoding=\"async\" src=\"https:\/\/redml.de\/wordpress\/wp-content\/uploads\/2020\/04\/SoEinMistAberAuchGruenesGesicht-1024x576.png\" alt=\"Szenenfoto aus dem Film &quot;So ein Mist aber auch!&quot;\" class=\"wp-image-463\" width=\"358\" height=\"201\" srcset=\"https:\/\/redml.de\/wp-content\/uploads\/2020\/04\/SoEinMistAberAuchGruenesGesicht-1024x576.png 1024w, https:\/\/redml.de\/wp-content\/uploads\/2020\/04\/SoEinMistAberAuchGruenesGesicht-300x169.png 300w, https:\/\/redml.de\/wp-content\/uploads\/2020\/04\/SoEinMistAberAuchGruenesGesicht-768x432.png 768w, https:\/\/redml.de\/wp-content\/uploads\/2020\/04\/SoEinMistAberAuchGruenesGesicht-1536x864.png 1536w, https:\/\/redml.de\/wp-content\/uploads\/2020\/04\/SoEinMistAberAuchGruenesGesicht-1600x900.png 1600w, https:\/\/redml.de\/wp-content\/uploads\/2020\/04\/SoEinMistAberAuchGruenesGesicht.png 1920w\" sizes=\"auto, (max-width: 358px) 100vw, 358px\" \/><\/a><figcaption>Szenenfoto aus dem Film &#8222;So ein Mist aber auch!&#8220; <\/figcaption><\/figure>\n\n\n\n<p><a href=\"https:\/\/redml.de\/camtasia\/SoEinMistAberAuch\/SoEinMistAberAuch.html\">Dieser Film <\/a>zeigt, warum man die Anleitung f\u00fcr eine Software lieber von einem Profi erstellen lassen sollte.<\/p>\n\n\n\n<h2 class=\"wp-block-heading\">Ein E-Learning, das im Kopf weiterl\u00e4uft<\/h2>\n\n\n\n<figure class=\"wp-block-image size-medium\"><a href=\"https:\/\/www.screencast.com\/t\/HFVeWDwik\"><img loading=\"lazy\" decoding=\"async\" width=\"300\" height=\"169\" src=\"https:\/\/redml.de\/wordpress\/wp-content\/uploads\/2020\/03\/LandschaftMitWoertern-300x169.png\" alt=\"\" class=\"wp-image-334\" srcset=\"https:\/\/redml.de\/wp-content\/uploads\/2020\/03\/LandschaftMitWoertern-300x169.png 300w, https:\/\/redml.de\/wp-content\/uploads\/2020\/03\/LandschaftMitWoertern-768x433.png 768w, https:\/\/redml.de\/wp-content\/uploads\/2020\/03\/LandschaftMitWoertern.png 926w\" sizes=\"auto, (max-width: 300px) 100vw, 300px\" \/><\/a><\/figure>\n\n\n\n<p>Mit TechSmith Camtasia habe ich beispielhaft eine kleine <a href=\"https:\/\/www.screencast.com\/t\/HFVeWDwik\">E-Learning-Et\u00fcde erstellt, mit der Sie die franz\u00f6sischen W\u00f6rter f\u00fcr Farben<\/a> lernen k\u00f6nnen.  <\/p>\n\n\n\n<p>Die kleine \u00dcbung f\u00fchrt sechs franz\u00f6sische Vokabeln f\u00fcr Farben ein. Bei zwei kleinen Quiz-Aufgaben kann der Anwender sein gelerntes Wissen anwenden. Die \u00dcbung endet mit der <strong>Aufforderung, sie &#8222;im Kopf weiterlaufen zu lassen&#8220;<\/strong>. Dazu m\u00f6ge man in seiner Umgebung nach Farben Ausschau halten und diese in Gedanken mit den franz\u00f6sischen W\u00f6rtern benennen. <\/p>\n\n\n\n<p>Damit setzt die \u00dcbung die <strong>lernpsychologische <\/strong>Erkenntnis um, dass man beim Lernen etwas nicht als &#8222;<strong>fertig gelernt<\/strong>&#8220; abhaken, sondern besser in einem unfertigen Zustand belassen sollte. Auf diese Weise bleibt es eher im Ged\u00e4chtnis. Diesen Tipp habe ich \u00fcbrigens in folgendem Buch gefunden: <a href=\"https:\/\/www.thalia.de\/shop\/home\/artikeldetails\/ID142468260.html\">Brown, Roediger, McDaniel: Das merk ich mir! Erfolgreich lernen und f\u00fcr immer behalten mit der Make-it-Stick-Methode<\/a>.<\/p>\n\n\n\n<p>Zum <strong>Vergleich<\/strong>: Wenn ich die \u00dcbung abgeschlossen h\u00e4tte mit dem Hinweis: &#8222;Herzlichen Gl\u00fcckwunsch! Jetzt haben Sie die W\u00f6rter richtig gelernt und d\u00fcrfen deswegen aufh\u00f6ren.&#8220; dann w\u00fcrde unser Hirn das als <strong>Erlaubnis <\/strong>verstehen, <strong>das Gelernte wieder vergessen zu d\u00fcrfen. <\/strong>Und das will man ja gerade <strong>nicht <\/strong>erreichen.<\/p>\n\n\n\n<h2 class=\"wp-block-heading\">Raus aus dem E-Learning, rein ins Leben<\/h2>\n\n\n\n<p>Noch <a href=\"https:\/\/www.screencast.com\/t\/mnoPRV87TdH\">eine Franz\u00f6sisch-Lern-Et\u00fcde. Hier geht es rund um die Hand<\/a>. <\/p>\n\n\n\n<figure class=\"wp-block-image size-medium\"><a href=\"https:\/\/www.screencast.com\/t\/mnoPRV87TdH\"><img loading=\"lazy\" decoding=\"async\" width=\"300\" height=\"187\" src=\"https:\/\/redml.de\/wordpress\/wp-content\/uploads\/2020\/03\/DieHandLaMain-300x187.png\" alt=\"E-Learning-Et\u00fcde: Die Hand - la main\" class=\"wp-image-350\" srcset=\"https:\/\/redml.de\/wp-content\/uploads\/2020\/03\/DieHandLaMain-300x187.png 300w, https:\/\/redml.de\/wp-content\/uploads\/2020\/03\/DieHandLaMain-1024x638.png 1024w, https:\/\/redml.de\/wp-content\/uploads\/2020\/03\/DieHandLaMain-768x478.png 768w, https:\/\/redml.de\/wp-content\/uploads\/2020\/03\/DieHandLaMain.png 1069w\" sizes=\"auto, (max-width: 300px) 100vw, 300px\" \/><\/a><\/figure>\n\n\n\n<p>Das Ziel der Et\u00fcde besteht auch hier wieder darin, den Anwender am Ende aus der \u00dcbung hinauszuf\u00fchren in die <strong>reale Welt<\/strong>. Das gelingt \u00fcber die Aufforderung, er m\u00f6ge nun seine eigene Hand ansehen und die Finger benennen. Indem der Anwender<strong> den Blick vom Bildschirm abwendet<\/strong> und auf seine eigene Hand richtet, &#8222;rettet&#8220; er die gelernten Vokabeln in die reale Welt hin\u00fcber<strong>,<\/strong> anstatt sie im <strong>ortlosen Cyberspace<\/strong> zu belassen und dort wieder zu verlieren.<\/p>\n\n\n\n<h2 class=\"wp-block-heading\">Sparklines, schnell erkl\u00e4rt<\/h2>\n\n\n\n<figure class=\"wp-block-image size-medium\"><a href=\"https:\/\/www.screencast.com\/t\/OFUXDWIzp\"><img loading=\"lazy\" decoding=\"async\" width=\"300\" height=\"176\" src=\"https:\/\/redml.de\/wordpress\/wp-content\/uploads\/2020\/03\/SparklinesTitel-300x176.png\" alt=\"E-Learning-Et\u00fcde: Sparklines in Excel\" class=\"wp-image-340\" srcset=\"https:\/\/redml.de\/wp-content\/uploads\/2020\/03\/SparklinesTitel-300x176.png 300w, https:\/\/redml.de\/wp-content\/uploads\/2020\/03\/SparklinesTitel.png 675w\" sizes=\"auto, (max-width: 300px) 100vw, 300px\" \/><\/a><\/figure>\n\n\n\n<p>Und hier ist eine kleine <a href=\"https:\/\/www.screencast.com\/t\/OFUXDWIzp\">Et\u00fcde, die erkl\u00e4rt, wie man in Excel Sparklines  erstellt<\/a>. <br> Sie wissen nicht, was Sparklines sind? <br> Na, dann erkl\u00e4r&#8216; ich Ihnen das jetzt einfach mal in genau 46,5 Sekunden! <\/p>\n\n\n\n<h2 class=\"wp-block-heading\">Blog<\/h2>\n\n\n\n<p>Zum Thema &#8222;Lernen durch <strong>Simulationen<\/strong>&#8220; siehe meinen Blog-Eintrag:<br><a href=\"https:\/\/redml.de\/wordpress\/index.php\/2019\/10\/05\/ist-das-noch-spiel-oder-schon-realitaet\/\">Ist das noch Spiel oder schon Realit\u00e4t?<\/a><\/p>\n","protected":false},"excerpt":{"rendered":"<p>Mit TechSmith Camtasia und Adobe Captivate realisiere ich Filme und E\u2011Learning-Anwendungen. So ein Mist aber auch! Dieser Film zeigt, warum&hellip;<\/p>\n","protected":false},"author":1,"featured_media":0,"parent":0,"menu_order":0,"comment_status":"closed","ping_status":"closed","template":"","meta":{"footnotes":""},"class_list":["post-236","page","type-page","status-publish","hentry"],"_links":{"self":[{"href":"https:\/\/redml.de\/index.php\/wp-json\/wp\/v2\/pages\/236","targetHints":{"allow":["GET"]}}],"collection":[{"href":"https:\/\/redml.de\/index.php\/wp-json\/wp\/v2\/pages"}],"about":[{"href":"https:\/\/redml.de\/index.php\/wp-json\/wp\/v2\/types\/page"}],"author":[{"embeddable":true,"href":"https:\/\/redml.de\/index.php\/wp-json\/wp\/v2\/users\/1"}],"replies":[{"embeddable":true,"href":"https:\/\/redml.de\/index.php\/wp-json\/wp\/v2\/comments?post=236"}],"version-history":[{"count":27,"href":"https:\/\/redml.de\/index.php\/wp-json\/wp\/v2\/pages\/236\/revisions"}],"predecessor-version":[{"id":469,"href":"https:\/\/redml.de\/index.php\/wp-json\/wp\/v2\/pages\/236\/revisions\/469"}],"wp:attachment":[{"href":"https:\/\/redml.de\/index.php\/wp-json\/wp\/v2\/media?parent=236"}],"curies":[{"name":"wp","href":"https:\/\/api.w.org\/{rel}","templated":true}]}}